{"id":6643,"date":"2024-01-28T16:03:08","date_gmt":"2024-01-28T15:03:08","guid":{"rendered":"https:\/\/www.olcgs.org\/?page_id=6643"},"modified":"2024-04-06T13:00:23","modified_gmt":"2024-04-06T11:00:23","slug":"marietherese_de_soubiran","status":"publish","type":"page","link":"https:\/\/www.olcgs.org\/es\/our-saints-and-blessed\/marietherese_de_soubiran\/","title":{"rendered":"Beata Mar\u00eda Teresa de Soubiran"},"content":{"rendered":"<div data-elementor-type=\"wp-page\" data-elementor-id=\"6643\" class=\"elementor elementor-6643\" data-elementor-post-type=\"page\">\n\t\t\t\t<div class=\"elementor-element elementor-element-91dbb51 e-flex e-con-boxed e-con e-parent\" data-id=\"91dbb51\" data-element_type=\"container\" data-e-type=\"container\" data-settings=\"{&quot;jet_parallax_layout_list&quot;:[],&quot;background_background&quot;:&quot;classic&quot;}\">\n\t\t\t\t\t<div class=\"e-con-inner\">\n\t\t\t\t<div class=\"elementor-element elementor-element-cdd2c86 elementor-invisible elementor-widget elementor-widget-heading\" data-id=\"cdd2c86\" data-element_type=\"widget\" data-e-type=\"widget\" data-settings=\"{&quot;_animation&quot;:&quot;fadeInDown&quot;}\" data-widget_type=\"heading.default\">\n\t\t\t\t<div class=\"elementor-widget-container\">\n\t\t\t\t\t<h2 class=\"elementor-heading-title elementor-size-default\">Beata Mar\u00eda Teresa de Soubiran <\/h2>\t\t\t\t<\/div>\n\t\t\t\t<\/div>\n\t\t\t\t<div class=\"elementor-element elementor-element-19bf56e elementor-invisible elementor-widget elementor-widget-jet-breadcrumbs\" data-id=\"19bf56e\" data-element_type=\"widget\" data-e-type=\"widget\" data-settings=\"{&quot;_animation&quot;:&quot;fadeIn&quot;,&quot;_animation_delay&quot;:900}\" data-widget_type=\"jet-breadcrumbs.default\">\n\t\t\t\t<div class=\"elementor-widget-container\">\n\t\t\t\t\t<div class=\"elementor-jet-breadcrumbs jet-blocks\">\n\t\t<div class=\"jet-breadcrumbs\">\n\t\t<div class=\"jet-breadcrumbs__content\">\n\t\t<div class=\"jet-breadcrumbs__wrap\"><div class=\"jet-breadcrumbs__item\"><a href=\"https:\/\/www.olcgs.org\/es\/\" class=\"jet-breadcrumbs__item-link is-home\" rel=\"home\" title=\"Inicio\">Inicio<\/a><\/div>\n\t\t<\/div>\n\t\t<\/div>\n\t\t<\/div><\/div>\t\t\t\t<\/div>\n\t\t\t\t<\/div>\n\t\t\t\t\t<\/div>\n\t\t\t\t<\/div>\n\t\t<div class=\"elementor-element elementor-element-080b405 e-flex e-con-boxed elementor-invisible e-con e-parent\" data-id=\"080b405\" data-element_type=\"container\" data-e-type=\"container\" data-settings=\"{&quot;jet_parallax_layout_list&quot;:[],&quot;animation&quot;:&quot;fadeInUp&quot;}\">\n\t\t\t\t\t<div class=\"e-con-inner\">\n\t\t<div class=\"elementor-element elementor-element-f7a5aac e-con-full e-flex e-con e-child\" data-id=\"f7a5aac\" data-element_type=\"container\" data-e-type=\"container\" data-settings=\"{&quot;jet_parallax_layout_list&quot;:[]}\">\n\t\t\t\t<div class=\"elementor-element elementor-element-8740d41 elementor-widget elementor-widget-heading\" data-id=\"8740d41\" data-element_type=\"widget\" data-e-type=\"widget\" data-widget_type=\"heading.default\">\n\t\t\t\t<div class=\"elementor-widget-container\">\n\t\t\t\t\t<h2 class=\"elementor-heading-title elementor-size-default\">Sus primeras fundaciones<\/h2>\t\t\t\t<\/div>\n\t\t\t\t<\/div>\n\t\t\t\t<div class=\"elementor-element elementor-element-9f724f3 elementor-widget elementor-widget-text-editor\" data-id=\"9f724f3\" data-element_type=\"widget\" data-e-type=\"widget\" data-widget_type=\"text-editor.default\">\n\t\t\t\t<div class=\"elementor-widget-container\">\n\t\t\t\t\t\t\t\t\t<div title=\"Page 3\"><p>La Beata Mar\u00eda Teresa de Soubiran naci\u00f3 el 16 de mayo de 1834 en Castelnaudary, una ciudad mercantil del suroeste de Francia. De joven, fue miembro de la Cofrad\u00eda de los Hijos de Mar\u00eda, dirigida por su t\u00edo, el padre Louis de Soubiran.<\/p><p>A los 20 a\u00f1os, tras pasar un a\u00f1o como Hermana Seglar Beguina en una comunidad de B\u00e9lgica, regresa a Francia donde, junto con unas amigas, crea la estructura inicial de una nueva comunidad religiosa. Durante varios a\u00f1os, comparten una vida de pobreza, inmersas en la oraci\u00f3n y en la obra de hospedaje de ni\u00f1as pobres.<\/p><p>En 1864, la Beata Mar\u00eda Teresa asisti\u00f3 a un retiro Jesuita de treinta d\u00edas en Toulouse, durante el cual discerni\u00f3 que Dios la llamaba a persistir en su nueva fundaci\u00f3n. Dos a\u00f1os m\u00e1s tarde, consagra la Congregaci\u00f3n a Mar\u00eda y funda las Hermanas de Mar\u00eda Auxiliadora, cuya misi\u00f3n principal es la educaci\u00f3n de las ni\u00f1as.<\/p><p>A partir de la Casa Madre en Toulouse, pronto se establecieron otras comunidades en Francia e Inglaterra. Sin embargo, en 1869 surgen problemas cuando una nueva hermana de la Congregaci\u00f3n acusa a Mar\u00eda Teresa de mala gesti\u00f3n financiera.<\/p><\/div>\t\t\t\t\t\t\t\t<\/div>\n\t\t\t\t<\/div>\n\t\t\t\t<\/div>\n\t\t<div class=\"elementor-element elementor-element-81df597 e-con-full e-flex e-con e-child\" data-id=\"81df597\" data-element_type=\"container\" data-e-type=\"container\" data-settings=\"{&quot;jet_parallax_layout_list&quot;:[]}\">\n\t\t\t\t<div class=\"elementor-element elementor-element-d3b5568 elementor-widget elementor-widget-image\" data-id=\"d3b5568\" data-element_type=\"widget\" data-e-type=\"widget\" data-widget_type=\"image.default\">\n\t\t\t\t<div class=\"elementor-widget-container\">\n\t\t\t\t\t\t\t\t\t\t\t\t\t\t\t<img fetchpriority=\"high\" decoding=\"async\" width=\"374\" height=\"506\" src=\"https:\/\/www.olcgs.org\/wp-content\/uploads\/2024\/01\/Bl.-Marie-Therese-de-Soubiran.jpg\" class=\"attachment-large size-large wp-image-6633\" alt=\"\" srcset=\"https:\/\/www.olcgs.org\/wp-content\/uploads\/2024\/01\/Bl.-Marie-Therese-de-Soubiran.jpg 374w, https:\/\/www.olcgs.org\/wp-content\/uploads\/2024\/01\/Bl.-Marie-Therese-de-Soubiran-222x300.jpg 222w, https:\/\/www.olcgs.org\/wp-content\/uploads\/2024\/01\/Bl.-Marie-Therese-de-Soubiran-9x12.jpg 9w\" sizes=\"(max-width: 374px) 100vw, 374px\" \/>\t\t\t\t\t\t\t\t\t\t\t\t\t\t\t<\/div>\n\t\t\t\t<\/div>\n\t\t\t\t<\/div>\n\t\t\t\t\t<\/div>\n\t\t\t\t<\/div>\n\t\t<div class=\"elementor-element elementor-element-b5eaa97 e-flex e-con-boxed elementor-invisible e-con e-parent\" data-id=\"b5eaa97\" data-element_type=\"container\" data-e-type=\"container\" data-settings=\"{&quot;jet_parallax_layout_list&quot;:[],&quot;animation&quot;:&quot;fadeInUp&quot;}\">\n\t\t\t\t\t<div class=\"e-con-inner\">\n\t\t<div class=\"elementor-element elementor-element-6f4240d e-con-full e-flex e-con e-child\" data-id=\"6f4240d\" data-element_type=\"container\" data-e-type=\"container\" data-settings=\"{&quot;jet_parallax_layout_list&quot;:[]}\">\n\t\t\t\t<div class=\"elementor-element elementor-element-bee0f8c elementor-widget elementor-widget-heading\" data-id=\"bee0f8c\" data-element_type=\"widget\" data-e-type=\"widget\" data-widget_type=\"heading.default\">\n\t\t\t\t<div class=\"elementor-widget-container\">\n\t\t\t\t\t<h2 class=\"elementor-heading-title elementor-size-default\">A Nuestra Se\u00f1ora de la Caridad<\/h2>\t\t\t\t<\/div>\n\t\t\t\t<\/div>\n\t\t\t\t<div class=\"elementor-element elementor-element-a5a1bd2 elementor-widget-laptop__width-initial elementor-widget elementor-widget-text-editor\" data-id=\"a5a1bd2\" data-element_type=\"widget\" data-e-type=\"widget\" data-widget_type=\"text-editor.default\">\n\t\t\t\t<div class=\"elementor-widget-container\">\n\t\t\t\t\t\t\t\t\t<p>Tras verse obligada a abandonar su Congregaci\u00f3n, el 20 de septiembre de 1874 es acogida en Par\u00eds por las Hermanas de Nuestra Se\u00f1ora de la Caridad, y tres a\u00f1os m\u00e1s tarde emite los votos perpetuos con el nombre de Mar\u00eda del Sagrado Coraz\u00f3n.<\/p><p>Se integr\u00f3 r\u00e1pidamente en su nueva familia religiosa ense\u00f1ando el catecismo y trabajando con las j\u00f3venes a su cargo. Tras un lento deterioro de su salud, muere el 7 de junio de 1889, siendo sus \u00faltimas plabras\"\u00a1Ven, Se\u00f1or Jes\u00fas, ven!\".<\/p>\t\t\t\t\t\t\t\t<\/div>\n\t\t\t\t<\/div>\n\t\t\t\t<\/div>\n\t\t\t\t\t<\/div>\n\t\t\t\t<\/div>\n\t\t<div class=\"elementor-element elementor-element-47cd9bb e-flex e-con-boxed elementor-invisible e-con e-parent\" data-id=\"47cd9bb\" data-element_type=\"container\" data-e-type=\"container\" data-settings=\"{&quot;jet_parallax_layout_list&quot;:[],&quot;animation&quot;:&quot;fadeInUp&quot;}\">\n\t\t\t\t\t<div class=\"e-con-inner\">\n\t\t<div class=\"elementor-element elementor-element-b9d6258 e-con-full e-flex e-con e-child\" data-id=\"b9d6258\" data-element_type=\"container\" data-e-type=\"container\" data-settings=\"{&quot;jet_parallax_layout_list&quot;:[]}\">\n\t\t\t\t<div class=\"elementor-element elementor-element-84982af elementor-widget elementor-widget-heading\" data-id=\"84982af\" data-element_type=\"widget\" data-e-type=\"widget\" data-widget_type=\"heading.default\">\n\t\t\t\t<div class=\"elementor-widget-container\">\n\t\t\t\t\t<h2 class=\"elementor-heading-title elementor-size-default\">Una reputaci\u00f3n restaurada<\/h2>\t\t\t\t<\/div>\n\t\t\t\t<\/div>\n\t\t\t\t<div class=\"elementor-element elementor-element-8d90a16 elementor-widget-laptop__width-initial elementor-widget elementor-widget-text-editor\" data-id=\"8d90a16\" data-element_type=\"widget\" data-e-type=\"widget\" data-widget_type=\"text-editor.default\">\n\t\t\t\t<div class=\"elementor-widget-container\">\n\t\t\t\t\t\t\t\t\t<p>Dos a\u00f1os despu\u00e9s de la muerte de la Beata Mar\u00eda Teresa, una investigaci\u00f3n revel\u00f3 que las acusaciones contra ella eran infundadas. P\u00f3stumamente, su reputaci\u00f3n fue reivindicada y fue exonerada.<\/p><p>El proceso de beatificaci\u00f3n comenz\u00f3 en Par\u00eds el 9 de mayo de 1934, bajo el pontificado de P\u00edo XI, y concluy\u00f3 el 20 de octubre de 1946, tras la aprobaci\u00f3n de dos milagros atribuidos a su intercesi\u00f3n.<\/p>\t\t\t\t\t\t\t\t<\/div>\n\t\t\t\t<\/div>\n\t\t\t\t<\/div>\n\t\t\t\t\t<\/div>\n\t\t\t\t<\/div>\n\t\t\t\t<\/div>","protected":false},"excerpt":{"rendered":"<p>Blessed Marie-Th\u00e9r\u00e8se de Soubiran Home Her first foundations Blessed Marie-Th\u00e9r\u00e8se de Soubiran was born on May 16, 1834, in Castelnaudary, a market town in southwest France. As a young girl, she was a member of the Children of Mary Sodality, which was run by her uncle, Fr. Louis de Soubiran. At 20, having spent one [&hellip;]<\/p>\n","protected":false},"author":1,"featured_media":0,"parent":3168,"menu_order":0,"comment_status":"closed","ping_status":"closed","template":"elementor_header_footer","meta":{"footnotes":""},"class_list":["post-6643","page","type-page","status-publish","hentry"],"_links":{"self":[{"href":"https:\/\/www.olcgs.org\/es\/wp-json\/wp\/v2\/pages\/6643","targetHints":{"allow":["GET"]}}],"collection":[{"href":"https:\/\/www.olcgs.org\/es\/wp-json\/wp\/v2\/pages"}],"about":[{"href":"https:\/\/www.olcgs.org\/es\/wp-json\/wp\/v2\/types\/page"}],"author":[{"embeddable":true,"href":"https:\/\/www.olcgs.org\/es\/wp-json\/wp\/v2\/users\/1"}],"replies":[{"embeddable":true,"href":"https:\/\/www.olcgs.org\/es\/wp-json\/wp\/v2\/comments?post=6643"}],"version-history":[{"count":16,"href":"https:\/\/www.olcgs.org\/es\/wp-json\/wp\/v2\/pages\/6643\/revisions"}],"predecessor-version":[{"id":7611,"href":"https:\/\/www.olcgs.org\/es\/wp-json\/wp\/v2\/pages\/6643\/revisions\/7611"}],"up":[{"embeddable":true,"href":"https:\/\/www.olcgs.org\/es\/wp-json\/wp\/v2\/pages\/3168"}],"wp:attachment":[{"href":"https:\/\/www.olcgs.org\/es\/wp-json\/wp\/v2\/media?parent=6643"}],"curies":[{"name":"wp","href":"https:\/\/api.w.org\/{rel}","templated":true}]}}

Beata María Teresa de Soubiran

<div data-elementor-type="wp-page" data-elementor-id="6643" class="elementor elementor-6643" data-elementor-post-type="page">
				<div class="elementor-element elementor-element-91dbb51 e-flex e-con-boxed e-con e-parent" data-id="91dbb51" data-element_type="container" data-e-type="container" data-settings="{&quot;jet_parallax_layout_list&quot;:[],&quot;background_background&quot;:&quot;classic&quot;}">
					<div class="e-con-inner">
				<div class="elementor-element elementor-element-cdd2c86 elementor-invisible elementor-widget elementor-widget-heading" data-id="cdd2c86" data-element_type="widget" data-e-type="widget" data-settings="{&quot;_animation&quot;:&quot;fadeInDown&quot;}" data-widget_type="heading.default">
				<div class="elementor-widget-container">
					<h2 class="elementor-heading-title elementor-size-default">Beata María Teresa de Soubiran </h2>				</div>
				</div>
				<div class="elementor-element elementor-element-19bf56e elementor-invisible elementor-widget elementor-widget-jet-breadcrumbs" data-id="19bf56e" data-element_type="widget" data-e-type="widget" data-settings="{&quot;_animation&quot;:&quot;fadeIn&quot;,&quot;_animation_delay&quot;:900}" data-widget_type="jet-breadcrumbs.default">
				<div class="elementor-widget-container">
					<div class="elementor-jet-breadcrumbs jet-blocks">
		<div class="jet-breadcrumbs">
		<div class="jet-breadcrumbs__content">
		<div class="jet-breadcrumbs__wrap"><div class="jet-breadcrumbs__item"><a href="https://www.olcgs.org/es/" class="jet-breadcrumbs__item-link is-home" rel="home" title="Inicio">Inicio</a></div>
		</div>
		</div>
		</div></div>				</div>
				</div>
					</div>
				</div>
		<div class="elementor-element elementor-element-080b405 e-flex e-con-boxed elementor-invisible e-con e-parent" data-id="080b405" data-element_type="container" data-e-type="container" data-settings="{&quot;jet_parallax_layout_list&quot;:[],&quot;animation&quot;:&quot;fadeInUp&quot;}">
					<div class="e-con-inner">
		<div class="elementor-element elementor-element-f7a5aac e-con-full e-flex e-con e-child" data-id="f7a5aac" data-element_type="container" data-e-type="container" data-settings="{&quot;jet_parallax_layout_list&quot;:[]}">
				<div class="elementor-element elementor-element-8740d41 elementor-widget elementor-widget-heading" data-id="8740d41" data-element_type="widget" data-e-type="widget" data-widget_type="heading.default">
				<div class="elementor-widget-container">
					<h2 class="elementor-heading-title elementor-size-default">Sus primeras fundaciones</h2>				</div>
				</div>
				<div class="elementor-element elementor-element-9f724f3 elementor-widget elementor-widget-text-editor" data-id="9f724f3" data-element_type="widget" data-e-type="widget" data-widget_type="text-editor.default">
				<div class="elementor-widget-container">
									<div title="Page 3"><p>La Beata María Teresa de Soubiran nació el 16 de mayo de 1834 en Castelnaudary, una ciudad mercantil del suroeste de Francia. De joven, fue miembro de la Cofradía de los Hijos de María, dirigida por su tío, el padre Louis de Soubiran.</p><p>A los 20 años, tras pasar un año como Hermana Seglar Beguina en una comunidad de Bélgica, regresa a Francia donde, junto con unas amigas, crea la estructura inicial de una nueva comunidad religiosa. Durante varios años, comparten una vida de pobreza, inmersas en la oración y en la obra de hospedaje de niñas pobres.</p><p>En 1864, la Beata María Teresa asistió a un retiro Jesuita de treinta días en Toulouse, durante el cual discernió que Dios la llamaba a persistir en su nueva fundación. Dos años más tarde, consagra la Congregación a María y funda las Hermanas de María Auxiliadora, cuya misión principal es la educación de las niñas.</p><p>A partir de la Casa Madre en Toulouse, pronto se establecieron otras comunidades en Francia e Inglaterra. Sin embargo, en 1869 surgen problemas cuando una nueva hermana de la Congregación acusa a María Teresa de mala gestión financiera.</p></div>								</div>
				</div>
				</div>
		<div class="elementor-element elementor-element-81df597 e-con-full e-flex e-con e-child" data-id="81df597" data-element_type="container" data-e-type="container" data-settings="{&quot;jet_parallax_layout_list&quot;:[]}">
				<div class="elementor-element elementor-element-d3b5568 elementor-widget elementor-widget-image" data-id="d3b5568" data-element_type="widget" data-e-type="widget" data-widget_type="image.default">
				<div class="elementor-widget-container">
															<img fetchpriority="high" decoding="async" width="374" height="506" src="https://www.olcgs.org/wp-content/uploads/2024/01/Bl.-Marie-Therese-de-Soubiran.jpg" class="attachment-large size-large wp-image-6633" alt="" srcset="https://www.olcgs.org/wp-content/uploads/2024/01/Bl.-Marie-Therese-de-Soubiran.jpg 374w, https://www.olcgs.org/wp-content/uploads/2024/01/Bl.-Marie-Therese-de-Soubiran-222x300.jpg 222w, https://www.olcgs.org/wp-content/uploads/2024/01/Bl.-Marie-Therese-de-Soubiran-9x12.jpg 9w" sizes="(max-width: 374px) 100vw, 374px" />															</div>
				</div>
				</div>
					</div>
				</div>
		<div class="elementor-element elementor-element-b5eaa97 e-flex e-con-boxed elementor-invisible e-con e-parent" data-id="b5eaa97" data-element_type="container" data-e-type="container" data-settings="{&quot;jet_parallax_layout_list&quot;:[],&quot;animation&quot;:&quot;fadeInUp&quot;}">
					<div class="e-con-inner">
		<div class="elementor-element elementor-element-6f4240d e-con-full e-flex e-con e-child" data-id="6f4240d" data-element_type="container" data-e-type="container" data-settings="{&quot;jet_parallax_layout_list&quot;:[]}">
				<div class="elementor-element elementor-element-bee0f8c elementor-widget elementor-widget-heading" data-id="bee0f8c" data-element_type="widget" data-e-type="widget" data-widget_type="heading.default">
				<div class="elementor-widget-container">
					<h2 class="elementor-heading-title elementor-size-default">A Nuestra Señora de la Caridad</h2>				</div>
				</div>
				<div class="elementor-element elementor-element-a5a1bd2 elementor-widget-laptop__width-initial elementor-widget elementor-widget-text-editor" data-id="a5a1bd2" data-element_type="widget" data-e-type="widget" data-widget_type="text-editor.default">
				<div class="elementor-widget-container">
									<p>Tras verse obligada a abandonar su Congregación, el 20 de septiembre de 1874 es acogida en París por las Hermanas de Nuestra Señora de la Caridad, y tres años más tarde emite los votos perpetuos con el nombre de María del Sagrado Corazón.</p><p>Se integró rápidamente en su nueva familia religiosa enseñando el catecismo y trabajando con las jóvenes a su cargo. Tras un lento deterioro de su salud, muere el 7 de junio de 1889, siendo sus últimas plabras"¡Ven, Señor Jesús, ven!".</p>								</div>
				</div>
				</div>
					</div>
				</div>
		<div class="elementor-element elementor-element-47cd9bb e-flex e-con-boxed elementor-invisible e-con e-parent" data-id="47cd9bb" data-element_type="container" data-e-type="container" data-settings="{&quot;jet_parallax_layout_list&quot;:[],&quot;animation&quot;:&quot;fadeInUp&quot;}">
					<div class="e-con-inner">
		<div class="elementor-element elementor-element-b9d6258 e-con-full e-flex e-con e-child" data-id="b9d6258" data-element_type="container" data-e-type="container" data-settings="{&quot;jet_parallax_layout_list&quot;:[]}">
				<div class="elementor-element elementor-element-84982af elementor-widget elementor-widget-heading" data-id="84982af" data-element_type="widget" data-e-type="widget" data-widget_type="heading.default">
				<div class="elementor-widget-container">
					<h2 class="elementor-heading-title elementor-size-default">Una reputación restaurada</h2>				</div>
				</div>
				<div class="elementor-element elementor-element-8d90a16 elementor-widget-laptop__width-initial elementor-widget elementor-widget-text-editor" data-id="8d90a16" data-element_type="widget" data-e-type="widget" data-widget_type="text-editor.default">
				<div class="elementor-widget-container">
									<p>Dos años después de la muerte de la Beata María Teresa, una investigación reveló que las acusaciones contra ella eran infundadas. Póstumamente, su reputación fue reivindicada y fue exonerada.</p><p>El proceso de beatificación comenzó en París el 9 de mayo de 1934, bajo el pontificado de Pío XI, y concluyó el 20 de octubre de 1946, tras la aprobación de dos milagros atribuidos a su intercesión.</p>								</div>
				</div>
				</div>
					</div>
				</div>
				</div>

<p>Blessed Marie-Thérèse de Soubiran Home Her first foundations Blessed Marie-Thérèse de Soubiran was born on May 16, 1834, in Castelnaudary, a market town in southwest France. As a young girl, she was a member of the Children of Mary Sodality, which was run by her uncle, Fr. Louis de Soubiran. At 20, having spent one [&hellip;]</p>
