{"id":5745,"date":"2024-01-11T19:01:04","date_gmt":"2024-01-11T18:01:04","guid":{"rendered":"https:\/\/www.olcgs.org\/?page_id=5745"},"modified":"2024-04-06T12:59:28","modified_gmt":"2024-04-06T10:59:28","slug":"blessed-maria-droste","status":"publish","type":"page","link":"https:\/\/www.olcgs.org\/fr\/our-saints-and-blessed\/blessed-maria-droste\/","title":{"rendered":"Maria Droste"},"content":{"rendered":"<div data-elementor-type=\"wp-page\" data-elementor-id=\"5745\" class=\"elementor elementor-5745\" data-elementor-post-type=\"page\">\n\t\t\t\t<div class=\"elementor-element elementor-element-91dbb51 e-flex e-con-boxed e-con e-parent\" data-id=\"91dbb51\" data-element_type=\"container\" data-e-type=\"container\" data-settings=\"{&quot;jet_parallax_layout_list&quot;:[],&quot;background_background&quot;:&quot;classic&quot;}\">\n\t\t\t\t\t<div class=\"e-con-inner\">\n\t\t\t\t<div class=\"elementor-element elementor-element-cdd2c86 elementor-invisible elementor-widget elementor-widget-heading\" data-id=\"cdd2c86\" data-element_type=\"widget\" data-e-type=\"widget\" data-settings=\"{&quot;_animation&quot;:&quot;fadeInDown&quot;}\" data-widget_type=\"heading.default\">\n\t\t\t\t<div class=\"elementor-widget-container\">\n\t\t\t\t\t<h2 class=\"elementor-heading-title elementor-size-default\">Bienheureuse Maria Droste<\/h2>\t\t\t\t<\/div>\n\t\t\t\t<\/div>\n\t\t\t\t<div class=\"elementor-element elementor-element-19bf56e elementor-invisible elementor-widget elementor-widget-jet-breadcrumbs\" data-id=\"19bf56e\" data-element_type=\"widget\" data-e-type=\"widget\" data-settings=\"{&quot;_animation&quot;:&quot;fadeIn&quot;,&quot;_animation_delay&quot;:900}\" data-widget_type=\"jet-breadcrumbs.default\">\n\t\t\t\t<div class=\"elementor-widget-container\">\n\t\t\t\t\t<div class=\"elementor-jet-breadcrumbs jet-blocks\">\n\t\t<div class=\"jet-breadcrumbs\">\n\t\t<div class=\"jet-breadcrumbs__content\">\n\t\t<div class=\"jet-breadcrumbs__wrap\"><div class=\"jet-breadcrumbs__item\"><a href=\"https:\/\/www.olcgs.org\/fr\/\" class=\"jet-breadcrumbs__item-link is-home\" rel=\"home\" title=\"Accueil\">Accueil<\/a><\/div>\n\t\t<\/div>\n\t\t<\/div>\n\t\t<\/div><\/div>\t\t\t\t<\/div>\n\t\t\t\t<\/div>\n\t\t\t\t\t<\/div>\n\t\t\t\t<\/div>\n\t\t<div class=\"elementor-element elementor-element-080b405 e-flex e-con-boxed elementor-invisible e-con e-parent\" data-id=\"080b405\" data-element_type=\"container\" data-e-type=\"container\" data-settings=\"{&quot;jet_parallax_layout_list&quot;:[],&quot;animation&quot;:&quot;fadeInUp&quot;}\">\n\t\t\t\t\t<div class=\"e-con-inner\">\n\t\t<div class=\"elementor-element elementor-element-f7a5aac e-con-full e-flex e-con e-child\" data-id=\"f7a5aac\" data-element_type=\"container\" data-e-type=\"container\" data-settings=\"{&quot;jet_parallax_layout_list&quot;:[]}\">\n\t\t\t\t<div class=\"elementor-element elementor-element-8740d41 elementor-widget elementor-widget-heading\" data-id=\"8740d41\" data-element_type=\"widget\" data-e-type=\"widget\" data-widget_type=\"heading.default\">\n\t\t\t\t<div class=\"elementor-widget-container\">\n\t\t\t\t\t<h2 class=\"elementor-heading-title elementor-size-default\">Une vie de foi et de sacrifice<\/h2>\t\t\t\t<\/div>\n\t\t\t\t<\/div>\n\t\t\t\t<div class=\"elementor-element elementor-element-9f724f3 elementor-widget elementor-widget-text-editor\" data-id=\"9f724f3\" data-element_type=\"widget\" data-e-type=\"widget\" data-widget_type=\"text-editor.default\">\n\t\t\t\t<div class=\"elementor-widget-container\">\n\t\t\t\t\t\t\t\t\t<div title=\"Page 3\"><p>La bienheureuse Maria Droste zu Vischering est n\u00e9e le 8 septembre 1863 \u00e0 M\u00fcnster, en Allemagne. Elle \u00e9tait la fille du comte Clemens Droste zu Vischering, fervent catholique, et de la comtesse Helen von Galen.<\/p><p>Enfant, la Bienheureuse Maria a une volont\u00e9 ferme, mais un c\u0153ur tr\u00e8s sensible et une grande empathie pour les autres. Elle d\u00e9veloppe une g\u00e9n\u00e9rosit\u00e9 et une d\u00e9termination exceptionnelles. Le 8 juillet 1875, jour de son sacrement de confirmation, elle prend conscience d'un appel \u00e0 la vie religieuse apostolique.<\/p><p>Le 21 novembre 1888, \u00e2g\u00e9e de 25 ans, elle rejoint la Congr\u00e9gation Notre-Dame de Charit\u00e9 du Bon Pasteur \u00e0 M\u00fcnster et re\u00e7oit le nom de Marie du Divin C\u0153ur.<\/p><p>En 1891, elle se consacre aux jeunes filles dont elles ont la garde \u00e0 M\u00fcnster. Avec un amour ardent pour le minist\u00e8re de la jeunesse, elle affirmait : \u00ab les plus n\u00e9cessiteux, les plus mis\u00e9rables, les plus abandonn\u00e9s sont les enfants que j\u2019aime le plus \u00bb.<\/p><p>Trois ans plus tard, elle est envoy\u00e9e en mission au Portugal et nomm\u00e9e sup\u00e9rieure de la communaut\u00e9 au couvent de Porto. Elle exerce un vaste apostolat de services aupr\u00e8s de personnes de tous horizons : riches et pauvres, membres du clerg\u00e9 et la\u00efcs. Maria est une religieuse active, capable et joyeuse, mais inconnue de ceux avec qui elle vivait, elle a v\u00e9cu une union intense avec Dieu, de nature mystique. Vers la fin de sa courte vie, une exp\u00e9rience profonde lui permet de comprendre que le Christ voulait que l'univers tout entier soit consacr\u00e9 \u00e0 son C\u0153ur et qu'elle devait le demander au pape.<\/p><p class=\"translation-block\">Elle pers\u00e9v\u00e8re dans cette voie, ce qui a incit\u00e9 le pape L\u00e9on XIII \u00e0 demander une enqu\u00eate. La cons\u00e9cration a \u00e9t\u00e9 annonc\u00e9e par l\u2019encyclique \u00ab Annum Sacrum \u00bb. La pr\u00e9paration de cet acte serait pr\u00e9c\u00e9d\u00e9e d'un triduum mondial que le pape L\u00e9on XIII qualifiait de \u00ab le plus grand de mon pontificat \u00bb.<\/p><p>Tout au long de sa vie, Maria n'a jamais \u00e9t\u00e9 forte physiquement. C'est \u00e0 cette \u00e9poque que sa sant\u00e9 s'est tellement d\u00e9t\u00e9rior\u00e9e que pendant plusieurs mois, elle est presque incapable de bouger, souffrant de douleurs atroces dues \u00e0 une maladie de la colonne vert\u00e9brale. Elle dit \u00e0 son confesseur : \u00ab Ma mission sur terre sera achev\u00e9e d\u00e8s que la cons\u00e9cration sera accomplie. \u00bb\u00a0<\/p><p>Elle d\u00e9c\u00e8de le 8 juin 1899, malheureusement la veille de la f\u00eate du Sacr\u00e9-C\u0153ur. Le 11 juin 1899, le pape consacre solennellement l'univers au C\u0153ur de J\u00e9sus. Le pape L\u00e9on XIII dit \u00e0 son p\u00e8re un an plus tard, le 7 mai 1900 : \u00ab Je fais appel \u00e0 elle. Je fais appel \u00e0 elle en toutes circonstances. \u00bb<\/p><p>La bienheureuse Maria Droste a \u00e9t\u00e9 b\u00e9atifi\u00e9e par le pape Paul VI le 1er novembre 1975.<\/p><\/div>\t\t\t\t\t\t\t\t<\/div>\n\t\t\t\t<\/div>\n\t\t\t\t<\/div>\n\t\t<div class=\"elementor-element elementor-element-81df597 e-con-full e-flex e-con e-child\" data-id=\"81df597\" data-element_type=\"container\" data-e-type=\"container\" data-settings=\"{&quot;jet_parallax_layout_list&quot;:[]}\">\n\t\t\t\t<div class=\"elementor-element elementor-element-d3b5568 elementor-widget elementor-widget-image\" data-id=\"d3b5568\" data-element_type=\"widget\" data-e-type=\"widget\" data-widget_type=\"image.default\">\n\t\t\t\t<div class=\"elementor-widget-container\">\n\t\t\t\t\t\t\t\t\t\t\t\t\t\t\t<img fetchpriority=\"high\" decoding=\"async\" width=\"200\" height=\"252\" src=\"https:\/\/www.olcgs.org\/wp-content\/uploads\/2024\/02\/maria-droste.jpg\" class=\"attachment-large size-large wp-image-7345\" alt=\"\" srcset=\"https:\/\/www.olcgs.org\/wp-content\/uploads\/2024\/02\/maria-droste.jpg 200w, https:\/\/www.olcgs.org\/wp-content\/uploads\/2024\/02\/maria-droste-10x12.jpg 10w\" sizes=\"(max-width: 200px) 100vw, 200px\" \/>\t\t\t\t\t\t\t\t\t\t\t\t\t\t\t<\/div>\n\t\t\t\t<\/div>\n\t\t\t\t<\/div>\n\t\t\t\t\t<\/div>\n\t\t\t\t<\/div>\n\t\t\t\t<\/div>","protected":false},"excerpt":{"rendered":"<p>Blessed Maria Droste Home A journey of faith and sacrifice Blessed Maria Droste zu Vischering was born on September 8, 1863, in M\u00fcnster, Germany. She was the daughter of devout Catholics Count Clemens Droste zu Vischering and of Countess Helen von Galen. As a child, Bl. Maria had a strong will but with a very [&hellip;]<\/p>\n","protected":false},"author":1,"featured_media":0,"parent":3168,"menu_order":0,"comment_status":"closed","ping_status":"closed","template":"elementor_header_footer","meta":{"footnotes":""},"class_list":["post-5745","page","type-page","status-publish","hentry"],"_links":{"self":[{"href":"https:\/\/www.olcgs.org\/fr\/wp-json\/wp\/v2\/pages\/5745","targetHints":{"allow":["GET"]}}],"collection":[{"href":"https:\/\/www.olcgs.org\/fr\/wp-json\/wp\/v2\/pages"}],"about":[{"href":"https:\/\/www.olcgs.org\/fr\/wp-json\/wp\/v2\/types\/page"}],"author":[{"embeddable":true,"href":"https:\/\/www.olcgs.org\/fr\/wp-json\/wp\/v2\/users\/1"}],"replies":[{"embeddable":true,"href":"https:\/\/www.olcgs.org\/fr\/wp-json\/wp\/v2\/comments?post=5745"}],"version-history":[{"count":13,"href":"https:\/\/www.olcgs.org\/fr\/wp-json\/wp\/v2\/pages\/5745\/revisions"}],"predecessor-version":[{"id":7608,"href":"https:\/\/www.olcgs.org\/fr\/wp-json\/wp\/v2\/pages\/5745\/revisions\/7608"}],"up":[{"embeddable":true,"href":"https:\/\/www.olcgs.org\/fr\/wp-json\/wp\/v2\/pages\/3168"}],"wp:attachment":[{"href":"https:\/\/www.olcgs.org\/fr\/wp-json\/wp\/v2\/media?parent=5745"}],"curies":[{"name":"wp","href":"https:\/\/api.w.org\/{rel}","templated":true}]}}

<div data-elementor-type="wp-page" data-elementor-id="5745" class="elementor elementor-5745" data-elementor-post-type="page">
				<div class="elementor-element elementor-element-91dbb51 e-flex e-con-boxed e-con e-parent" data-id="91dbb51" data-element_type="container" data-e-type="container" data-settings="{&quot;jet_parallax_layout_list&quot;:[],&quot;background_background&quot;:&quot;classic&quot;}">
					<div class="e-con-inner">
				<div class="elementor-element elementor-element-cdd2c86 elementor-invisible elementor-widget elementor-widget-heading" data-id="cdd2c86" data-element_type="widget" data-e-type="widget" data-settings="{&quot;_animation&quot;:&quot;fadeInDown&quot;}" data-widget_type="heading.default">
				<div class="elementor-widget-container">
					<h2 class="elementor-heading-title elementor-size-default">Bienheureuse Maria Droste</h2>				</div>
				</div>
				<div class="elementor-element elementor-element-19bf56e elementor-invisible elementor-widget elementor-widget-jet-breadcrumbs" data-id="19bf56e" data-element_type="widget" data-e-type="widget" data-settings="{&quot;_animation&quot;:&quot;fadeIn&quot;,&quot;_animation_delay&quot;:900}" data-widget_type="jet-breadcrumbs.default">
				<div class="elementor-widget-container">
					<div class="elementor-jet-breadcrumbs jet-blocks">
		<div class="jet-breadcrumbs">
		<div class="jet-breadcrumbs__content">
		<div class="jet-breadcrumbs__wrap"><div class="jet-breadcrumbs__item"><a href="https://www.olcgs.org/fr/" class="jet-breadcrumbs__item-link is-home" rel="home" title="Accueil">Accueil</a></div>
		</div>
		</div>
		</div></div>				</div>
				</div>
					</div>
				</div>
		<div class="elementor-element elementor-element-080b405 e-flex e-con-boxed elementor-invisible e-con e-parent" data-id="080b405" data-element_type="container" data-e-type="container" data-settings="{&quot;jet_parallax_layout_list&quot;:[],&quot;animation&quot;:&quot;fadeInUp&quot;}">
					<div class="e-con-inner">
		<div class="elementor-element elementor-element-f7a5aac e-con-full e-flex e-con e-child" data-id="f7a5aac" data-element_type="container" data-e-type="container" data-settings="{&quot;jet_parallax_layout_list&quot;:[]}">
				<div class="elementor-element elementor-element-8740d41 elementor-widget elementor-widget-heading" data-id="8740d41" data-element_type="widget" data-e-type="widget" data-widget_type="heading.default">
				<div class="elementor-widget-container">
					<h2 class="elementor-heading-title elementor-size-default">Une vie de foi et de sacrifice</h2>				</div>
				</div>
				<div class="elementor-element elementor-element-9f724f3 elementor-widget elementor-widget-text-editor" data-id="9f724f3" data-element_type="widget" data-e-type="widget" data-widget_type="text-editor.default">
				<div class="elementor-widget-container">
									<div title="Page 3"><p>La bienheureuse Maria Droste zu Vischering est née le 8 septembre 1863 à Münster, en Allemagne. Elle était la fille du comte Clemens Droste zu Vischering, fervent catholique, et de la comtesse Helen von Galen.</p><p>Enfant, la Bienheureuse Maria a une volonté ferme, mais un cœur très sensible et une grande empathie pour les autres. Elle développe une générosité et une détermination exceptionnelles. Le 8 juillet 1875, jour de son sacrement de confirmation, elle prend conscience d'un appel à la vie religieuse apostolique.</p><p>Le 21 novembre 1888, âgée de 25 ans, elle rejoint la Congrégation Notre-Dame de Charité du Bon Pasteur à Münster et reçoit le nom de Marie du Divin Cœur.</p><p>En 1891, elle se consacre aux jeunes filles dont elles ont la garde à Münster. Avec un amour ardent pour le ministère de la jeunesse, elle affirmait : « les plus nécessiteux, les plus misérables, les plus abandonnés sont les enfants que j’aime le plus ».</p><p>Trois ans plus tard, elle est envoyée en mission au Portugal et nommée supérieure de la communauté au couvent de Porto. Elle exerce un vaste apostolat de services auprès de personnes de tous horizons : riches et pauvres, membres du clergé et laïcs. Maria est une religieuse active, capable et joyeuse, mais inconnue de ceux avec qui elle vivait, elle a vécu une union intense avec Dieu, de nature mystique. Vers la fin de sa courte vie, une expérience profonde lui permet de comprendre que le Christ voulait que l'univers tout entier soit consacré à son Cœur et qu'elle devait le demander au pape.</p><p class="translation-block">Elle persévère dans cette voie, ce qui a incité le pape Léon XIII à demander une enquête. La consécration a été annoncée par l’encyclique « Annum Sacrum ». La préparation de cet acte serait précédée d'un triduum mondial que le pape Léon XIII qualifiait de « le plus grand de mon pontificat ».</p><p>Tout au long de sa vie, Maria n'a jamais été forte physiquement. C'est à cette époque que sa santé s'est tellement détériorée que pendant plusieurs mois, elle est presque incapable de bouger, souffrant de douleurs atroces dues à une maladie de la colonne vertébrale. Elle dit à son confesseur : « Ma mission sur terre sera achevée dès que la consécration sera accomplie. » </p><p>Elle décède le 8 juin 1899, malheureusement la veille de la fête du Sacré-Cœur. Le 11 juin 1899, le pape consacre solennellement l'univers au Cœur de Jésus. Le pape Léon XIII dit à son père un an plus tard, le 7 mai 1900 : « Je fais appel à elle. Je fais appel à elle en toutes circonstances. »</p><p>La bienheureuse Maria Droste a été béatifiée par le pape Paul VI le 1er novembre 1975.</p></div>								</div>
				</div>
				</div>
		<div class="elementor-element elementor-element-81df597 e-con-full e-flex e-con e-child" data-id="81df597" data-element_type="container" data-e-type="container" data-settings="{&quot;jet_parallax_layout_list&quot;:[]}">
				<div class="elementor-element elementor-element-d3b5568 elementor-widget elementor-widget-image" data-id="d3b5568" data-element_type="widget" data-e-type="widget" data-widget_type="image.default">
				<div class="elementor-widget-container">
															<img fetchpriority="high" decoding="async" width="200" height="252" src="https://www.olcgs.org/wp-content/uploads/2024/02/maria-droste.jpg" class="attachment-large size-large wp-image-7345" alt="" srcset="https://www.olcgs.org/wp-content/uploads/2024/02/maria-droste.jpg 200w, https://www.olcgs.org/wp-content/uploads/2024/02/maria-droste-10x12.jpg 10w" sizes="(max-width: 200px) 100vw, 200px" />															</div>
				</div>
				</div>
					</div>
				</div>
				</div>

<p>Blessed Maria Droste Home A journey of faith and sacrifice Blessed Maria Droste zu Vischering was born on September 8, 1863, in Münster, Germany. She was the daughter of devout Catholics Count Clemens Droste zu Vischering and of Countess Helen von Galen. As a child, Bl. Maria had a strong will but with a very [&hellip;]</p>
